te (-1 - 12) + 0 - -11 - -2.
0
Evaluate -12 + (-4 - (-3 - 3)).
-10
Calculate -2 + 2 + -8 + 16.
8
Evaluate 1 - (9 - (1 + 7)).
0
Evaluate -42 - (-44 + -30 + 18).
14
What is (34 - 34) + 1 + 0 - 7?
-6
Calculate -24 + 25 + -10 + 1 + (-8 - 1).
-17
What is 53 + -71 + 23 + 1 + 14?
20
What is the value of -9 + (2 - 2 - -3) + 9?
3
What is the value of 90 + -118 + (-11 + 4 - -7)?
-28
Calculate 6 + (-5 - ((2 - (1 - 4)) + -8)).
4
Evaluate 1 + (42 - 49 - (0 - -8)) + 1.
-13
(2 - -2) + (1 - 11 - 5) + 0
-11
What is -12 + -8 + 17 + -8 + -2 + -4?
-17
What is the value of (11 - 15) + (10 - 0) - (-14 - -10)?
10
What is the value of -2 + -11 + 19 + -3 + 4?
7
-2 - (8 + (-19 - 2)) - -9
20
Calculate -13 - (-5 + -5 + -6).
3
Calculate -8 + (-2 + -6 - -6) + -3.
-13
(2 + -6 - (3 + 5 - 4)) + 0
-8
Calculate -17 - (7 + -31 + 12 + 4).
-9
What is the value of 20 - (5 - 2) - 33?
-16
Evaluate -110 - -114 - (14 + 1 + -3).
-8
Evaluate -14 - (-3 + (1 - 12) + 8).
-8
Evaluate (12 + -6 - (0 - 4)) + -23.
-13
Calculate 8 - (22 + (1 + 5 - 14) + 0).
-6
Evaluate -7 - (1 + -2 + 1) - -8.
1
What is the value of (10 - (0 - 2)) + (9 - (-70 + 77))?
14
Evaluate -3 - -19 - -1 - (24 - -14).
-21
What is -15 - (12 - 17 - -2) - -10?
-2
What is the value of -13 + (-1 - -7 - (59 + -70))?
4
26 - (17 + -40 - -39)
10
Calculate 25 - (-23 + 51 - 5).
2
What is 11 + (110 + -87 - (2 - -7))?
25
Evaluate 1 - 17 - (52 + -69).
1
What is 0 - (10 + (-22 - -7) - -21)?
-16
-19 + -29 + 22 + (-5 + 4 - -8)
-19
Calculate 57 + -31 - (49 + -12).
-11
What is the value of (5 - -2) + -21 + 12 - 1 - -4?
1
-28 + -27 + (73 - 23)
-5
Evaluate 294 + -294 - (-3 - 0).
3
What is -18 + (22 - -3) + -27?
-20
What is the value of (1 - -3) + (13 - 5) + -8?
4
0 + 7 + 0 - 8
-1
Calculate -1 + (11 - (-20 + 26)) - (-18 - 2).
24
(30 + -2 - (1 - 4)) + -11
20
-1 - 0 - ((-4 - -20 - 34) + 14)
3
(13 - 37) + 29 + -6
-1
Evaluate 0 + -23 - (-6 + -7).
-10
2 + (0 - 3) + (21 - 53) + 27
-6
27 - 47 - (-6 - 11)
-3
Calculate -14 + (18 - (-16 - -29) - 0).
-9
Calculate (14 - 0) + -11 + 4 + 4 + 3.
14
What is 29 + -5 - (207 + -191)?
8
What is the value of -3 + 7 + -18 + 2 - 2?
-14
What is the value of -2 + (5 + -1 - 2) + (8 - 3)?
5
Evaluate -11 + (-3 + 10 - 6).
-10
-8 + (-3 + -8 - -12)
-7
What is the value of 0 + 14 - 30 - -11?
-5
Evaluate 8 - 17 - (2 + -6 + 17) - 2.
-24
What is the value of 15 - ((9 - 7) + 4 - -36)?
-27
Evaluate (1 + 29 - (-101 - -97)) + (5 - 11).
28
Evaluate 1 + -20 + (55 - 100 - -51).
-13
Calculate 35 + -14 + -14 + -2.
5
Evaluate -35 + 0 - (85 + -105).
-15
Calculate 5 - (-13 + -3) - 17 - -24.
28
What is -15 + 17 + -15 + -2 + 8?
-7
What is the value of 1 - (-4 - (7 + -5 + -20))?
-13
Evaluate -5 + (2 - -1) + (64 - 68).
-6
Calculate (2 - 8) + (27 - 4) + -11.
6
What is 26 + -13 - (11 + -12 - (-4 - 0))?
10
What is the value of (-4 - -6) + -7 + 5 + 9?
9
Calculate -23 + (16 - 0 - -26).
19
Calculate 3 - (5 - 0 - (31 - 16)).
13
(-21 + 5 - -8) + -8
-16
(5 + (19 - 3) - -1) + (-1 - -7)
28
Calculate (19 - 8) + -25 + 23 + 1.
10
Calculate -8 + (4 - 10 - (-29 + 23)).
-8
-34 + 28 + 21 - 36
-21
-38 + (35 - -37) - 15
19
(12 - 4) + -14 - -20
14
Evaluate 10 - (-2 + (-9 - -14) - 12).
19
Calculate 0 + (10 + -5 - 4) + -3 - -1.
-1
What is the value of (5 - 3 - (-8 + 2)) + -13 + -1?
-6
What is the value of 22 + -29 - -24 - 12?
5
What is -11 + (7 - (30 - 4)) + 9?
-21
Calculate 1 + 11 - (-39 + 40) - 18.
-7
Calculate 17 + (24 - 7 - 50).
-16
Evaluate 0 - 7 - (449 + -470).
14
-14 - (1 + (3 - 1) - 12)
-5
Evaluate (7 - (-12 - -13)) + 15 - (0 - 0).
21
Evaluate -32 + 34 + (-16 - 1).
-15
What is -6 + 14 + -15 + 7 - 18?
-18
Calculate -32 - (23 - 8 - 71).
24
Evaluate 12 - (-3 + 7 + 16).
-8
What is -7 + (27 - (31 + 3))?
-14
(-3 - (-31 - -67)) + 3
-36
What is (-2 - -2) + -7 + 23 + (-10 - -14)?
20
(12 - -2) + 14 + -35
-7
What is the value of 1 + (-22 - -8) + (3 - -4) + 1?
-5
Calculate (1 + -9 - (-3 - 8)) + -29 + 7.
-19
(1 + -11 - -7) + (5 - 9) + -14
-21
7 + -27 + -9 + 22
-7
What is the value of -18 - (-2 - ((-3 - -6 - -1) + 3))?
-9
Calculate 35 - (13 + 32 + -21).
11
What is the value of -3 - -8 - (-10 - -5) - 7?
3
Evaluate 10 - 2 - (16 + (-1 - 20)).
13
-25 + (-28 - -55 - (11 - -2))
-11
(4 - 4) + 9 + (22 - 12 - 4)
15
What is (1 - (-1 - 1 - (13 - 29))) + 0?
-13
What is the value of 5 + -6 + -7 + (11 - 3)?
0
What is (-2 - -5) + (-3 - -9 - 5 - 9)?
-5
What is the value of -6 + 0 + 1 + 16?
11
What is -22 + (-6 - (2 + (-3 - 4) + -7))?
-16
Evaluate (2 - -1) + 0 - (13 - 0).
-10
What is 2 - 3 - 5 - ((-1 - -18) + -42)?
19
2 + -3 + 9 - (2 + -9)
15
3 - 6 - 3 - (-19 - (-22 + 14))
5
Evaluate -23 + 22 - (-2 - (0 - 5)).
-4
(-20 - -18 - 10) + (0 - -9)
-3
Calculate 21 + -3 - (65 + -31).
-16
What is 4 - (4 - 7) - (11 - 3)?
-1
-30 - (-22 + (15 - 14))
-9
Evaluate (-12 - -2) + (-5 + (5 - -2) - 8).
-16
Evaluate -36 - (16 + -5 - 24 - 6).
-17
Evaluate -1 + -8 + (56 - 56) - (1 - 17).
7
What is -34 + 16 + 7 + 2?
-9
What is the value of 7 - (-8 + (0 - 2) + 4 + 0)?
13
Calculate -33 - (0 + -8 + (10 - (-3 + 13))).
-25
Evaluate (-8 + 8 - 13) + -3.
-16
34 - -7 - (16 + 1 - 1)
25
Calculate -27 + 19 - (5 - 10 - (31 - -4)).
32
What is (-4 - 2) + 1 + (-5 - -1)?
-9
Evaluate -1 - (-16 + -1) - (-7 + 22 - 17).
18
What is -10 + (23 - 4) + -12 + 3 - 28?
-28
What is -10 + 10 + -9 + 0 + 12 + 16?
19
Evaluate -2 - (2 + -9) - (17 + -2 - -4).
-14
What is the value of -22 + 12 + 7 + -13?
-16
Calculate 14 + (-34 - -12) + -5.
-13
What is the value of 0 + 0 + 11 + 13 + -30 - -13?
7
-5 - (4 + 1 - (-3 + -2 + 6))
-9
Evaluate 9 + -38 + (13 - -5).
-11
Calculate 12 - (3 - (3 - (12 - 2))) - -3.
5
Calculate -4 + -3 + 17 + -111 + 82.
-19
653 + -634 + (-30 - -1)
-10
What is the value of 36 + -62 - (13 - (19 + 5))?
-15
What is the value of (25 + -32 - (47 - 4)) + (14 - 2)?
-38
Calculate 9 + 10 + -3 + (13 - (-6 - -8)).
27
Evaluate (-340 - -278) + (31 - -4).
-27
What is -2 - -4 - 0 - (4 - (2 + 0))?
0
Evaluate 9 - 0 - (-63 + 66 - (-4 - -1)).
3
Calculate (1 + 1 - (-26 - -24)) + -2 + 1.
3
What is the value of -22 - 0 - ((-2 - 24 - -17) + 0)?
-13
What is -64 + 38 + -12 + 20?
-18
What is the value of (5 + 2 + -1 - 25) + -15 + 4?
-30
What is 2 + (-8 - 7) - (-1 - (-1 - -1))?
-12
Calculate 3 - (2 - (-1 + -2 + 5) - 6).
9
Evaluate (-14 - 1) + 139 + -124.
0
Calculate -18 + -4 - -4 - -13.
-5
-664 + 658 - (27 - 1)
-32
What is the value of -2 - -14 - (-7 + -5 + 14 + 7)?
3
What is the value of (14 - (-23 + 2)) + 2 + -3 + -6?
28
What is 4 + -1 - (-138 + 151)?
-10
(-5 - 8) + 11 - ((-1 - -4) + -1)
-4
Evaluate (-8 + -58 - -44) + -5.
-27
Evaluate -4 - (-19 + (-7 - 1) - -8) - 8.
7
What is -29 + 20 + 22 + -2?
11
3 - 20 - (62 + -79) - (0 - -6)
-6
Calculate 10 + 8 - (17 - (1 + 18)).
20
What is -6 + -4 + (12 - 4) + -6 + 3?
-5
Calculate -5 - (6 + (-23 - -1)) - -1.
12
Calculate -20 - (-4 + 6 - (27 - 12)).
-7
What is -4 + -30 + 59 + -19?
6
-2 + (7 - -16 - 14)
7
What is the value of (11 - -5) + 3 + (-9 - -2)?
12
What is the value of (3 - 1) + -23 + (-16 - -4) + 20?
-13
Evaluate -2 - (-12 - -15) - (0 - 2).
-3
Calculate 16 - (-27 + 24) - 16.
3
4 - ((13 - 35) + 22)
4
Calculate (-103 - -97) + 1 + (9 - 2).
2
-5 - ((-2 - (0 - 0)) + 121 + -114)
-10
Evaluate -4 + 22 + 7 + -13.
12
Calculate 10 - (13 + (2 - 6 - -8)).
-7
What is the value of -37 + (15 - -17) + (0 - -25)?
20
25 + 0 + -47 + -1
-23
What is -10 + 4 + 35 + -9 + 2 + -10?
12
What is the value of -2 + -16 + 15 - -7?
4
Evaluate -41 - -32 - (5 + -10).
-4
Calculate (-19 - (-17 - -23)) + 31.
6
What is the value of 15 - (7 + 7 - 5) - -6 - 4?
8
Calculate -10 - -35 - (2 + 22).
1
Calculate -20 + (26 - 38) + 26.
-6
Calculate 11 - (20 - 27 - -6).
12
What is the value of (-14 - 8) + (8 - (-1 + 1))?
-14
What is -10 + 6 + -3 + 0 - -3?
-4
Evaluate -12 - (91 + -103 + (6 - 2)).
-4
What is the value of 61 + -58 - (-8 - -2) - 9?
0
What is the value of (5 - (9 - (15 - 14))) + 23?
20
What is 7 + 1 - (12 + -69 - -72)?
-7
(0 - 11) + (-10 + 8 - -2)
-11
What is 132 + -123 - (4 + -5 + -5 + 2)?
13
What is 7 + 12 + -22 + -12?
-15
1 - -2 - 3 - (-1 - 3 - -1)
3
32 + -14 + -7 + 2
13
What is 33 + 11 + -19 - (5 + 5)?
15
-18 - (-9 + 6) - (-2 - 2)
-11
What is the value of (-2 - 4) + (4 + -7 - -5)?
-4
-3 + (1 - -18) + (4 - 11) - 22
-13
Calculate 18 - (-17 + (-17 - -62)).
-10
What is -37 - (16 - 55) - (2 - 7)?
7
What is -1 - 1 - (27 + -33) - 7?
-3
What is -14 + 9 -